{"version":"1.0","provider_name":"Belga L\u00edra","provider_url":"https:\/\/belgalira.cafeblog.hu","author_name":"Belga L\u00edra","author_url":"https:\/\/belgalira.cafeblog.hu\/author\/belga_lira-2\/","title":"Oldozz fel!","html":"<span style=\"font-family: Verdana\"><span style=\"font-size: 14px\">S\u00falyos gondok \u00fclnek v\u00e1lladon<\/span><\/span>\r\n\r\n<span style=\"font-family: Verdana;font-size: 14px\">mint neh\u00e9zkes lomha madarak.<\/span>\r\n\r\n<span style=\"font-family: Verdana;font-size: 14px\">Nem engednek tovasz\u00e1llni<\/span><span style=\"font-size: 14px\">.<\/span>\r\n\r\n<span style=\"font-family: Verdana;font-size: 14px\">H\u00e1tad g\u00f6rb\u00fclet\u00e9ben szomor\u00faan v\u00e1gyakozik a mag\u00e1ny.<\/span>\r\n\r\n<span style=\"font-family: Verdana;font-size: 14px\">Megv\u00e1lt\u00e1s nincs.<\/span>\r\n\r\n<span style=\"font-family: Verdana;font-size: 14px\">Csak te magad.<\/span>\r\n\r\n<span style=\"font-family: Verdana;font-size: 14px\">Magad magadba z\u00e1rts\u00e1ga.<\/span>","type":"rich"}

Belga Líra

<span style="font-family: Verdana"><span style="font-size: 14px">Súlyos gondok ülnek válladon</span></span>

<span style="font-family: Verdana;font-size: 14px">mint nehézkes lomha madarak.</span>

<span style="font-family: Verdana;font-size: 14px">Nem engednek tovaszállni</span><span style="font-size: 14px">.</span>

<span style="font-family: Verdana;font-size: 14px">Hátad görbületében szomorúan vágyakozik a magány.</span>

<span style="font-family: Verdana;font-size: 14px">Megváltás nincs.</span>

<span style="font-family: Verdana;font-size: 14px">Csak te magad.</span>

<span style="font-family: Verdana;font-size: 14px">Magad magadba zártsága.</span>
