{"version":"1.0","provider_name":"Belga L\u00edra","provider_url":"https:\/\/belgalira.cafeblog.hu","author_name":"Belga L\u00edra","author_url":"https:\/\/belgalira.cafeblog.hu\/author\/belga_lira-2\/","title":"K\u00e9tely","html":"<span style=\"font-family: Verdana\"><span style=\"font-size: 14px\"><span>K\u00ednoz \u00e9s elringat,<\/span><\/span><\/span>\r\n\r\n<span style=\"font-family: Verdana;font-size: 14px\">\u00e1ltat \u00e9s hitet<\/span><span style=\"font-size: 14px\"> -<\/span>\r\n\r\n<span style=\"font-family: Verdana;font-size: 14px\">\u00e1d\u00e1z k\u00fczdelem.<\/span>\r\n\r\n&nbsp;\r\n\r\n<span style=\"font-family: Verdana;font-size: 14px\">\u00c9breszd fel, r\u00e1zd meg magad!<\/span>\r\n\r\n<span style=\"font-family: Verdana;font-size: 14px\">T\u00e1mogat\u00f3 sz\u00fcl\u0151d helyett l\u00e9gy ink\u00e1bb \u00f6nmagad!<\/span>\r\n\r\n<span style=\"font-family: Verdana;font-size: 14px\">Dacolj vagy k\u00f6vess<\/span><span style=\"font-size: 14px\">,<\/span><span style=\"font-family: Verdana\"><span style=\"font-size: 14px\"> \u00f6lelj \u00e9s nevess!\u00a0<\/span><\/span>\r\n\r\n<span style=\"font-family: Verdana\"><span style=\"font-size: 14px\">\u00d6rd\u00f6gi k\u00f6r\u00f6db\u0151l szakadj ki,\u00a0futamodj!\u00a0<\/span><\/span>\r\n\r\n<span style=\"font-family: Verdana\"><span style=\"font-size: 14px\">Elj\u00f6tt az id\u0151, tov\u00e1bb ne kutakodj!\u00a0<\/span><\/span>\r\n\r\n<span style=\"font-family: Verdana\"><span style=\"font-size: 14px\">Uralkodj v\u00e9gre! \u00c9pp most ne magadon!\u00a0<\/span><\/span>\r\n\r\n<span style=\"font-family: Verdana\"><span style=\"font-size: 14px\">T\u00f6rt\u00e9nelmet \u00edrhattok az \u00e9gre,\u00a0<\/span><\/span>\r\n\r\n<span style=\"font-family: Verdana\"><span style=\"font-size: 14px\">t\u00e1mogat bennetek a karmikus hatalom.<\/span><\/span>","type":"rich"}

Belga Líra

Kétely

<span style="font-family: Verdana"><span style="font-size: 14px"><span>Kínoz és elringat,</span></span></span>

<span style="font-family: Verdana;font-size: 14px">áltat és hitet</span><span style="font-size: 14px"> -</span>

<span style="font-family: Verdana;font-size: 14px">ádáz küzdelem.</span>

&nbsp;

<span style="font-family: Verdana;font-size: 14px">Ébreszd fel, rázd meg magad!</span>

<span style="font-family: Verdana;font-size: 14px">Támogató szülőd helyett légy inkább önmagad!</span>

<span style="font-family: Verdana;font-size: 14px">Dacolj vagy kövess</span><span style="font-size: 14px">,</span><span style="font-family: Verdana"><span style="font-size: 14px"> ölelj és nevess! </span></span>

<span style="font-family: Verdana"><span style="font-size: 14px">Ördögi körödből szakadj ki, futamodj! </span></span>

<span style="font-family: Verdana"><span style="font-size: 14px">Eljött az idő, tovább ne kutakodj! </span></span>

<span style="font-family: Verdana"><span style="font-size: 14px">Uralkodj végre! Épp most ne magadon! </span></span>

<span style="font-family: Verdana"><span style="font-size: 14px">Történelmet írhattok az égre, </span></span>

<span style="font-family: Verdana"><span style="font-size: 14px">támogat bennetek a karmikus hatalom.</span></span>
