{"version":"1.0","provider_name":"Belga L\u00edra","provider_url":"https:\/\/belgalira.cafeblog.hu","author_name":"Belga L\u00edra","author_url":"https:\/\/belgalira.cafeblog.hu\/author\/belga_lira-2\/","title":"T\u00e1n felkap a sz\u00e9l","html":"<span style=\"font-size: 14px;font-family: Verdana\">Kop\u00e1r szikl\u00e1k cs\u00facs\u00e1n tekintek k\u00f6rbe<\/span>\r\n\r\n<span style=\"font-size: 14px;font-family: Verdana\">Lenn a m\u00e9ly sz\u00e9d\u00edt\u0151, sebes.<\/span>\r\n\r\n<span style=\"font-size: 14px;font-family: Verdana\">Z\u00fag morajlik a foly\u00f3.<\/span>\r\n\r\n<span style=\"font-size: 14px;font-family: Verdana\">Ugrani v\u00e1gyom.<\/span>\r\n\r\n<span style=\"font-size: 14px;font-family: Verdana\">T\u00e1n felkap a sz\u00e9l.<\/span>\r\n\r\n<span style=\"font-size: 14px;font-family: Verdana\">T\u00e1n tovar\u00f6p\u00edt.<\/span>\r\n\r\n<span style=\"font-size: 14px;font-family: Verdana\">Eressz!<\/span>\r\n\r\n<span style=\"font-family: Verdana;font-size: 14px\">Minden \u00e1lmom elveszni l\u00e1tszik,<\/span>\r\n\r\n<span style=\"font-family: Verdana;font-size: 14px\">lassan minden f\u00e9ny kihuny.<\/span>\r\n\r\n<span style=\"font-family: Verdana;font-size: 14px\">K\u00e9rlek hozz vissza MOST,\u00a0<\/span>\r\n\r\n<span style=\"font-family: Verdana;font-size: 14px\">testem f\u00e1zik<\/span>\r\n\r\n<span style=\"font-size: 14px;font-family: Verdana\">a vad folyamba hull.<\/span>","type":"rich"}

Belga Líra

Tán felkap a szél

<span style="font-size: 14px;font-family: Verdana">Kopár sziklák csúcsán tekintek körbe</span>

<span style="font-size: 14px;font-family: Verdana">Lenn a mély szédítő, sebes.</span>

<span style="font-size: 14px;font-family: Verdana">Zúg morajlik a folyó.</span>

<span style="font-size: 14px;font-family: Verdana">Ugrani vágyom.</span>

<span style="font-size: 14px;font-family: Verdana">Tán felkap a szél.</span>

<span style="font-size: 14px;font-family: Verdana">Tán tovaröpít.</span>

<span style="font-size: 14px;font-family: Verdana">Eressz!</span>

<span style="font-family: Verdana;font-size: 14px">Minden álmom elveszni látszik,</span>

<span style="font-family: Verdana;font-size: 14px">lassan minden fény kihuny.</span>

<span style="font-family: Verdana;font-size: 14px">Kérlek hozz vissza MOST, </span>

<span style="font-family: Verdana;font-size: 14px">testem fázik</span>

<span style="font-size: 14px;font-family: Verdana">a vad folyamba hull.</span>
