{"version":"1.0","provider_name":"Belga L\u00edra","provider_url":"https:\/\/belgalira.cafeblog.hu","author_name":"Belga L\u00edra","author_url":"https:\/\/belgalira.cafeblog.hu\/author\/belga_lira-2\/","title":"K\u00e9tely","html":"<span style=\"font-family: Verdana;font-size: 14px\"><span>hogy mit rontottam el mikor az \u00e9gb\u0151l z\u00e1porozott<\/span><\/span>\r\n\r\n<span style=\"font-family: Verdana;font-size: 14px\">hogy mit kellett volna \u00e9s hogyan, nem tudom<\/span>\r\n\r\n<span style=\"font-family: Verdana;font-size: 14px\">a nap sugarai csak halv\u00e1nyan derengenek <\/span>\r\n\r\n<span style=\"font-family: Verdana;font-size: 14px\">\u00e1t b\u00faskomor hangulatomon<\/span>","type":"rich"}

Belga Líra

Kétely

<span style="font-family: Verdana;font-size: 14px"><span>hogy mit rontottam el mikor az égből záporozott</span></span>

<span style="font-family: Verdana;font-size: 14px">hogy mit kellett volna és hogyan, nem tudom</span>

<span style="font-family: Verdana;font-size: 14px">a nap sugarai csak halványan derengenek </span>

<span style="font-family: Verdana;font-size: 14px">át búskomor hangulatomon</span>
