{"version":"1.0","provider_name":"Belga L\u00edra","provider_url":"https:\/\/belgalira.cafeblog.hu","author_name":"Belga L\u00edra","author_url":"https:\/\/belgalira.cafeblog.hu\/author\/belga_lira-2\/","title":"Szeretn\u00e9m ha szeretn\u00e9nek","html":"<span style=\"font-family: Verdana\"><span style=\"font-family: 'Times New Roman'\"><span style=\"font-family: Verdana\"><span style=\"font-size: 14px\">Harmatos f\u0171ben l\u00e9pkedek.<\/span><\/span><\/span><\/span>\r\n\r\n<span style=\"font-family: Verdana;font-size: 14px\">B\u00e1rgy\u00fa mosoly az arcomon.<\/span>\r\n\r\n<span style=\"font-family: Verdana;font-size: 14px\">H\u0171s kora reggeli szell\u0151 cir\u00f3gat,<\/span>\r\n\r\n<span style=\"font-family: Verdana;font-size: 14px\">\u00e1rnyad suhan \u00e1t az ablakon.<\/span>\r\n\r\n<span style=\"font-family: Verdana;font-size: 14px\">A reggeli k\u00e1v\u00e9mat sz\u00fcrcs\u00f6l\u00f6m,<\/span>\r\n\r\n<span style=\"font-family: Verdana;font-size: 14px\">csobog a v\u00edz a tus alatt,<\/span>\r\n\r\n<span style=\"font-family: Verdana;font-size: 14px\">lemossa r\u00f3lad mi bel\u0151lem m\u00e9g megmaradt.<\/span>\r\n\r\n<span style=\"font-family: Verdana;font-size: 14px\">M\u00e9g itt vagy de m\u00e1ris v\u00e1rlak,<\/span>\r\n\r\n<span style=\"font-family: Verdana;font-size: 14px\">\u0151rj\u00edt\u0151 a v\u00e1gy ami \u00fagy \u0171z ut\u00e1nad.<\/span>\r\n\r\n<span style=\"font-family: Verdana;font-size: 14px\">Behunyom szemem.<\/span>\r\n\r\n<span style=\"font-family: Verdana\"><span style=\"font-size: 14px\">Leg\u00f6rd\u00fc<\/span><span style=\"font-size: 14px\">l egy k\u00f6nnycsepp az arcomon.<\/span><\/span>\r\n\r\n<span style=\"font-family: Verdana;font-size: 14px\">Boldog vagyok \u00e9s \u00e9bren \u00e1lmodom.<\/span>","type":"rich"}

Belga Líra

Szeretném ha szeretnének

<span style="font-family: Verdana"><span style="font-family: 'Times New Roman'"><span style="font-family: Verdana"><span style="font-size: 14px">Harmatos fűben lépkedek.</span></span></span></span>

<span style="font-family: Verdana;font-size: 14px">Bárgyú mosoly az arcomon.</span>

<span style="font-family: Verdana;font-size: 14px">Hűs kora reggeli szellő cirógat,</span>

<span style="font-family: Verdana;font-size: 14px">árnyad suhan át az ablakon.</span>

<span style="font-family: Verdana;font-size: 14px">A reggeli kávémat szürcsölöm,</span>

<span style="font-family: Verdana;font-size: 14px">csobog a víz a tus alatt,</span>

<span style="font-family: Verdana;font-size: 14px">lemossa rólad mi belőlem még megmaradt.</span>

<span style="font-family: Verdana;font-size: 14px">Még itt vagy de máris várlak,</span>

<span style="font-family: Verdana;font-size: 14px">őrjítő a vágy ami úgy űz utánad.</span>

<span style="font-family: Verdana;font-size: 14px">Behunyom szemem.</span>

<span style="font-family: Verdana"><span style="font-size: 14px">Legördü</span><span style="font-size: 14px">l egy könnycsepp az arcomon.</span></span>

<span style="font-family: Verdana;font-size: 14px">Boldog vagyok és ébren álmodom.</span>
